{"id":2,"date":"2021-11-03T16:42:01","date_gmt":"2021-11-03T16:42:01","guid":{"rendered":"https:\/\/pruebas.productosyempresas.com\/?page_id=2"},"modified":"2021-11-04T06:48:50","modified_gmt":"2021-11-04T06:48:50","slug":"sample-page","status":"publish","type":"page","link":"https:\/\/pruebas.productosyempresas.com\/","title":{"rendered":"Inicio"},"content":{"rendered":"<div class=\"gb-container gb-container-befa31f7\"><div class=\"gb-inside-container\">\n\n<h1 class=\"alignfull has-text-align-center wp-block-heading\">Forma parte de la red<\/h1>\n\n\n\n<p class=\"has-text-align-center\">Queremos haceros part\u00edcipes de esta nueva web para todos los vecinos y vecinas de Sarriguren.<br>Estamos creciendo poco a poco incorporando nuevas secciones, te animas a participar? Ahora mismo ya puedes escribir art\u00edculos de opini\u00f3n y a\u00f1adir foto denuncias, es una p\u00e1gina que se ir\u00e1 adaptando seg\u00fan surgan ideas.<\/p>\n\n\n\n<p class=\"has-text-align-center\">Aqu\u00ed los protagonistas sois cada vecin@ de Sarriguren.<\/p>\n\n\n\n<p class=\"has-text-align-center\">Un saludo<\/p>\n\n\n<div class=\"gb-button-wrapper gb-button-wrapper-db6ea003\">\n\n<a class=\"gb-button gb-button-c0bdb309 gb-button-text\" href=\"https:\/\/pruebas.productosyempresas.com\/?page_id=42\">Registrate<\/a>\n\n<\/div>\n<\/div><\/div>\n\n\n<div class=\"wp-block-columns has-background is-layout-flex wp-container-core-columns-is-layout-9d6595d7 wp-block-columns-is-layout-flex\" style=\"background-color:#e9e9e9\">\n<div class=\"wp-block-column is-layout-flow wp-block-column-is-layout-flow\">\n<div class=\"wp-block-buttons is-layout-flex wp-block-buttons-is-layout-flex\">\n<div class=\"wp-block-button\"><a class=\"wp-block-button__link\">LA PELU DE PATTY<\/a><\/div>\n<\/div>\n\n\n\n<p>Ofrecemos a nuestros clientes una amplia gama de servicios en Peluquer\u00eda, tanto en hombre como en mujer y ni\u00f1o, utilizando productos de la m\u00e1s alta calidad, as\u00ed como una l\u00ednea Natural sin Sulfatos.<br>Adem\u00e1s ofrecemos una l\u00ednea de productos de Fantas\u00eda, para aquellos y aquellas que quieren algo m\u00e1s, distinto y diferente.<br>Vis\u00edtenos y vea con sus propios ojos lo que ofrecemos. \u00a1Siempre estaremos encantados de verle!<\/p>\n<\/div>\n\n\n\n<div class=\"wp-block-column is-layout-flow wp-block-column-is-layout-flow\">\n<div class=\"wp-block-buttons is-layout-flex wp-block-buttons-is-layout-flex\">\n<div class=\"wp-block-button\"><a class=\"wp-block-button__link\">EGUZ GARCIANDIA<\/a><\/div>\n<\/div>\n\n\n\n<p>Servicios de cuidado y paseos de mascotas a domicilio<\/p>\n\n\n\n<p>Cuidado de perros:<br>\u2013 Paseos<br>\u2013 Guarder\u00eda canina de d\u00eda o con noche en domicilio<br>\u2013 Asesoramiento problemas de conducta<\/p>\n\n\n\n<p>Cuidado gatos o peque\u00f1os animales:<br>\u2013 Guarder\u00eda de gatos en sus domicilios<\/p>\n<\/div>\n<\/div>\n\n\n<div class=\"gb-grid-wrapper gb-grid-wrapper-65f19fbc\">\n<div class=\"gb-grid-column gb-grid-column-4becaf46\"><div class=\"gb-container gb-container-4becaf46\"><div class=\"gb-inside-container\"><\/div><\/div><\/div>\n\n<div class=\"gb-grid-column gb-grid-column-4c0b8f99\"><div class=\"gb-container gb-container-4c0b8f99\"><div class=\"gb-inside-container\"><\/div><\/div><\/div>\n<\/div>","protected":false},"excerpt":{"rendered":"<p>Ofrecemos a nuestros clientes una amplia gama de servicios en Peluquer\u00eda, tanto en hombre como en mujer y ni\u00f1o, utilizando productos de la m\u00e1s alta calidad, as\u00ed como una l\u00ednea Natural sin Sulfatos.Adem\u00e1s ofrecemos una l\u00ednea de productos de Fantas\u00eda, para aquellos y aquellas que quieren algo m\u00e1s, distinto y diferente.Vis\u00edtenos y vea con sus &#8230; <a title=\"Inicio\" class=\"read-more\" href=\"https:\/\/pruebas.productosyempresas.com\/\" aria-label=\"M\u00e1s en Inicio\">Leer m\u00e1s<\/a><\/p>\n","protected":false},"author":1,"featured_media":0,"parent":0,"menu_order":0,"comment_status":"closed","ping_status":"open","template":"","meta":{"_generate-full-width-content":"true","footnotes":""},"class_list":["post-2","page","type-page","status-publish"],"uagb_featured_image_src":{"full":false,"thumbnail":false,"medium":false,"medium_large":false,"large":false,"1536x1536":false,"2048x2048":false},"uagb_author_info":{"display_name":"admin","author_link":"https:\/\/pruebas.productosyempresas.com\/?author=1"},"uagb_comment_info":0,"uagb_excerpt":"Ofrecemos a nuestros clientes una amplia gama de servicios en Peluquer\u00eda, tanto en hombre como en mujer y ni\u00f1o, utilizando productos de la m\u00e1s alta calidad, as\u00ed como una l\u00ednea Natural sin Sulfatos.Adem\u00e1s ofrecemos una l\u00ednea de productos de Fantas\u00eda, para aquellos y aquellas que quieren algo m\u00e1s, distinto y diferente.Vis\u00edtenos y vea con sus&hellip;","_links":{"self":[{"href":"https:\/\/pruebas.productosyempresas.com\/index.php?rest_route=\/wp\/v2\/pages\/2","targetHints":{"allow":["GET"]}}],"collection":[{"href":"https:\/\/pruebas.productosyempresas.com\/index.php?rest_route=\/wp\/v2\/pages"}],"about":[{"href":"https:\/\/pruebas.productosyempresas.com\/index.php?rest_route=\/wp\/v2\/types\/page"}],"author":[{"embeddable":true,"href":"https:\/\/pruebas.productosyempresas.com\/index.php?rest_route=\/wp\/v2\/users\/1"}],"replies":[{"embeddable":true,"href":"https:\/\/pruebas.productosyempresas.com\/index.php?rest_route=%2Fwp%2Fv2%2Fcomments&post=2"}],"version-history":[{"count":9,"href":"https:\/\/pruebas.productosyempresas.com\/index.php?rest_route=\/wp\/v2\/pages\/2\/revisions"}],"predecessor-version":[{"id":50,"href":"https:\/\/pruebas.productosyempresas.com\/index.php?rest_route=\/wp\/v2\/pages\/2\/revisions\/50"}],"wp:attachment":[{"href":"https:\/\/pruebas.productosyempresas.com\/index.php?rest_route=%2Fwp%2Fv2%2Fmedia&parent=2"}],"curies":[{"name":"wp","href":"https:\/\/api.w.org\/{rel}","templated":true}]}}